{"id":483,"date":"2017-02-08T20:15:30","date_gmt":"2017-02-08T20:15:30","guid":{"rendered":"http:\/\/agustiniano75.net\/?page_id=483"},"modified":"2017-02-21T04:00:17","modified_gmt":"2017-02-21T04:00:17","slug":"octubre-29","status":"publish","type":"page","link":"http:\/\/agustiniano75.net\/?page_id=483","title":{"rendered":"Septiembre 29, Comit\u00e9 Organizador"},"content":{"rendered":"<figure id=\"attachment_493\" aria-describedby=\"caption-attachment-493\" style=\"width: 1100px\" class=\"wp-caption aligncenter\"><img loading=\"lazy\" decoding=\"async\" class=\"size-full wp-image-493\" src=\"http:\/\/agustiniano75.net\/wp-content\/uploads\/2017\/02\/comite_02.jpg\" alt=\"Nace el Comit\u00e9 Organizador\" width=\"1100\" height=\"825\" srcset=\"http:\/\/agustiniano75.net\/wp-content\/uploads\/2017\/02\/comite_02.jpg 1100w, http:\/\/agustiniano75.net\/wp-content\/uploads\/2017\/02\/comite_02-300x225.jpg 300w, http:\/\/agustiniano75.net\/wp-content\/uploads\/2017\/02\/comite_02-768x576.jpg 768w, http:\/\/agustiniano75.net\/wp-content\/uploads\/2017\/02\/comite_02-1024x768.jpg 1024w, http:\/\/agustiniano75.net\/wp-content\/uploads\/2017\/02\/comite_02-100x75.jpg 100w, http:\/\/agustiniano75.net\/wp-content\/uploads\/2017\/02\/comite_02-150x113.jpg 150w, http:\/\/agustiniano75.net\/wp-content\/uploads\/2017\/02\/comite_02-200x150.jpg 200w, http:\/\/agustiniano75.net\/wp-content\/uploads\/2017\/02\/comite_02-450x338.jpg 450w, http:\/\/agustiniano75.net\/wp-content\/uploads\/2017\/02\/comite_02-600x450.jpg 600w, http:\/\/agustiniano75.net\/wp-content\/uploads\/2017\/02\/comite_02-900x675.jpg 900w\" sizes=\"auto, (max-width: 1100px) 100vw, 1100px\" \/><figcaption id=\"caption-attachment-493\" class=\"wp-caption-text\">Nace el Comit\u00e9 Organizador<\/figcaption><\/figure>\n<p style=\"text-align: center;\">&#8211;<\/p>\n<p style=\"text-align: left;\">Espontaneamente y \u00abde facto\u00bb, en casa de William Cadena nace el Comit\u00e9 Organizador del gran evento de Celebraci\u00f3n de los 40 a\u00f1os de graduados, programado para el 28 de Noviembre de 2015.<\/p>\n<p style=\"text-align: left;\">El comit\u00e9 queda conformando por:<\/p>\n<p style=\"text-align: center;\">William Cadena<br \/>\nEdgard Mora<br \/>\nLuis Alberto Mej\u00eda<br \/>\nJuan Uribe y<br \/>\nMauricio Gallego<\/p>\n","protected":false},"excerpt":{"rendered":"<p>&#8211; Espontaneamente y \u00abde facto\u00bb, en casa de William Cadena nace el Comit\u00e9 Organizador del gran evento de Celebraci\u00f3n de los 40 a\u00f1os de graduados, programado para el 28 de Noviembre de 2015. El comit\u00e9 queda conformando por: William Cadena<span class=\"ellipsis\">&hellip;<\/span><\/p>\n<div class=\"read-more\"><a href=\"http:\/\/agustiniano75.net\/?page_id=483\">Leer m\u00e1s <span class=\"screen-reader-text\">Septiembre 29, Comit\u00e9 Organizador<\/span><span class=\"meta-nav\"> &#8250;<\/span><\/a><\/div>\n<p><!-- end of .read-more --><\/p>\n","protected":false},"author":1,"featured_media":0,"parent":205,"menu_order":3,"comment_status":"closed","ping_status":"closed","template":"page-templates\/full-width-page.php","meta":{"ngg_post_thumbnail":0,"footnotes":""},"class_list":["post-483","page","type-page","status-publish","hentry"],"_links":{"self":[{"href":"http:\/\/agustiniano75.net\/index.php?rest_route=\/wp\/v2\/pages\/483","targetHints":{"allow":["GET"]}}],"collection":[{"href":"http:\/\/agustiniano75.net\/index.php?rest_route=\/wp\/v2\/pages"}],"about":[{"href":"http:\/\/agustiniano75.net\/index.php?rest_route=\/wp\/v2\/types\/page"}],"author":[{"embeddable":true,"href":"http:\/\/agustiniano75.net\/index.php?rest_route=\/wp\/v2\/users\/1"}],"replies":[{"embeddable":true,"href":"http:\/\/agustiniano75.net\/index.php?rest_route=%2Fwp%2Fv2%2Fcomments&post=483"}],"version-history":[{"count":0,"href":"http:\/\/agustiniano75.net\/index.php?rest_route=\/wp\/v2\/pages\/483\/revisions"}],"up":[{"embeddable":true,"href":"http:\/\/agustiniano75.net\/index.php?rest_route=\/wp\/v2\/pages\/205"}],"wp:attachment":[{"href":"http:\/\/agustiniano75.net\/index.php?rest_route=%2Fwp%2Fv2%2Fmedia&parent=483"}],"curies":[{"name":"wp","href":"https:\/\/api.w.org\/{rel}","templated":true}]}}

Septiembre 29, Comité Organizador

<figure id="attachment_493" aria-describedby="caption-attachment-493" style="width: 1100px" class="wp-caption aligncenter"><img loading="lazy" decoding="async" class="size-full wp-image-493" src="http://agustiniano75.net/wp-content/uploads/2017/02/comite_02.jpg" alt="Nace el Comité Organizador" width="1100" height="825" srcset="http://agustiniano75.net/wp-content/uploads/2017/02/comite_02.jpg 1100w, http://agustiniano75.net/wp-content/uploads/2017/02/comite_02-300x225.jpg 300w, http://agustiniano75.net/wp-content/uploads/2017/02/comite_02-768x576.jpg 768w, http://agustiniano75.net/wp-content/uploads/2017/02/comite_02-1024x768.jpg 1024w, http://agustiniano75.net/wp-content/uploads/2017/02/comite_02-100x75.jpg 100w, http://agustiniano75.net/wp-content/uploads/2017/02/comite_02-150x113.jpg 150w, http://agustiniano75.net/wp-content/uploads/2017/02/comite_02-200x150.jpg 200w, http://agustiniano75.net/wp-content/uploads/2017/02/comite_02-450x338.jpg 450w, http://agustiniano75.net/wp-content/uploads/2017/02/comite_02-600x450.jpg 600w, http://agustiniano75.net/wp-content/uploads/2017/02/comite_02-900x675.jpg 900w" sizes="auto, (max-width: 1100px) 100vw, 1100px" /><figcaption id="caption-attachment-493" class="wp-caption-text">Nace el Comité Organizador</figcaption></figure>
<p style="text-align: center;">&#8211;</p>
<p style="text-align: left;">Espontaneamente y «de facto», en casa de William Cadena nace el Comité Organizador del gran evento de Celebración de los 40 años de graduados, programado para el 28 de Noviembre de 2015.</p>
<p style="text-align: left;">El comité queda conformando por:</p>
<p style="text-align: center;">William Cadena<br />
Edgard Mora<br />
Luis Alberto Mejía<br />
Juan Uribe y<br />
Mauricio Gallego</p>

<p>&#8211; Espontaneamente y «de facto», en casa de William Cadena nace el Comité Organizador del gran evento de Celebración de los 40 años de graduados, programado para el 28 de Noviembre de 2015. El comité queda conformando por: William Cadena<span class="ellipsis">&hellip;</span></p>
<div class="read-more"><a href="http://agustiniano75.net/?page_id=483">Leer más <span class="screen-reader-text">Septiembre 29, Comité Organizador</span><span class="meta-nav"> &#8250;</span></a></div>
<p><!-- end of .read-more --></p>
